 Let w be (h/(-2))/((-17)/85). Determine r(w).
14
Let l be 0 - 2 - (64 - 70). Let b(z) = -z**3 + 3*z**2 + 2*z - 6. Give b(l).
-14
Let d(k) = -121*k**3 + 2*k**2 + 0*k**2 - k**2 + 126*k**3. What is d(-1)?
-4
Let i(o) be the first derivative of o + 1/2*o**2 - 22 - 5/3*o**3 + 1/4*o**4. Calculate i(4).
-11
Let y(u) = -10*u - 1. Let o be y(-1). Let m(x) = 5 + 93*x**2 - 7*x - 3*x - 92*x**2. Let a be m(o). Let w(s) = -s**3 - 5*s**2 - s + 1. What is w(a)?
-11
Let h(m) be the first derivative of -2*m**3/3 - 7*m**2/2 - 2*m - 373. Give h(-4).
-6
Let s = -1503 - -1495. Let u(g) = g**2 + 4*g + 6. Give u(s).
38
Let r(m) = m**2 + 3. Let q = 5 - 2. Let v be (-45)/(-75)*(16*1 - 1). Suppose q*t = v - 0. Calculate r(t).
12
Let p = -27 + 29. Let n(u) = -6 + 6*u**p + 0*u**3 - 8*u - u**3 + 6*u. Determine n(5).
9
Let l(w) = -w**3 - 2*w**2 - 1. Let o(h) = 3*h**3 + 18*h**2 + 11*h + 7. Let d(x) = -2*l(x) - o(x). Determine d(-13).
-31
Let q(z) = -z**3 - 8*z**2 - 9*z - 8. Let b = -85 - -78. Give q(b).
6
Let o(q) = -q**3 - 9*q**2 - 8*q + 3. Let u = 9 - -5. Suppose -3*g - u = 10. Give o(g).
3
Let a(k) = 2*k. Suppose -n + 2*j = 11, -n - 4*n = 4*j - 1. Let l(r) = 5*r - 3. Let v(b) = n*a(b) + l(b). Calculate v(-2).
-1
Let d(s) = -4 + 2*s + 0*s + 18. Let t = 72 + -82. Calculate d(t).
-6
Suppose 4*q - 4*k = -12, -5*q - 10 = k - 1. Let u = q + 4. Let h(g) = -11 + 0*g**u - 4 + 2*g**2 + g - 3*g**2. What is h(0)?
-15
Let u(o) be the second derivative of o**5/20 + 2*o**4/3 + 3*o**3/2 + 3*o**2 + 15*o. Calculate u(-7).
-8
Let l(w) = 7*w - 2. Suppose -8*i + 9 = 1. Determine l(i).
5
Let b(x) = x**2 + 4*x - 16. Let g be b(-7). Suppose -28 = 4*z - 4*v - 8, -v = -3*z - g. Let m(w) = w**3 + w**2 + w + 9. Give m(z).
9
Let i(z) = 3*z**3 + 11*z**2 - 8*z + 16. Let j(p) = 2*p**3 + 5*p**2 - 4*p + 8. Let a(r) = 3*i(r) - 5*j(r). Suppose -5*d + 21 + 51 = 4*d. What is a(d)?
-24
Let t(j) = 4*j**2. Let x be t(1). Suppose -i - 2 = 5*w - x, 2*i + 3*w + 10 = 0. Let v be (i - -9)*(2 - -1). Let a(n) = -2*n - 2. Calculate a(v).
-8
Let k(r) = r - 6. Let t be k(5). Let m(a) be the first derivative of -a**5/4 - 4*a + 4. Let q(l) be the first derivative of m(l). Calculate q(t).
5
Let p(i) = 187*i**2 + i - 198*i**2 + 0 - 1. Calculate p(1).
-11
Let i(o) = o**2 + 6*o - 4. Let n = -23 + 15. Let f be (0 + n)*(-6)/12. Suppose -18 = f*s - s. Determine i(s).
-4
Suppose -12 = -5*s - 2*f + 5, 2*f + 33 = 5*s. Let y(j) = j**2 - 6*j - 1. What is y(s)?
-6
Let d(y) = y**2 - 3*y - 1. Suppose -4*s = -2*a + 116, 0 = -s + 3*s - 3*a + 66. Let w = s - -30. Determine d(w).
-1
Let o(y) be the third derivative of y**5/60 + 5*y**4/12 + 29*y**3/6 - 35*y**2. Determine o(-6).
5
Let i(y) = -8*y - 20. Let w(h) = 7*h + 21. Let b(p) = -4*i(p) - 5*w(p). Let m(d) = -2*d - 17. Let c(f) = 5*b(f) - 8*m(f). Give c(0).
11
Let v(j) = -j**3 - 3*j**2 + 3*j + 1. Suppose -2*o + 86 = 2*w - 7*w, 3*w + 138 = 3*o. Let l = -51 + o. What is v(l)?
-8
Let f be -1 + -2 + 5 + 10 + -6. Let d(z) = -z - 4. Determine d(f).
-10
Let m(d) = -d - 4. Let q be m(-6). Let z(y) = -33225*y**3 + 0*y**2 + 2*y**2 + 33226*y**3 - 2. Calculate z(q).
14
Let y(j) = j**3 - 5*j**2 - 6*j + 7. Let l be y(6). Let p(x) = -x + 6*x**3 - l*x**2 - 5*x**3 + x**2 + 2. Determine p(6).
-4
Let k(a) = 7*a**3 - 7*a**2 + 36*a - 8. Let p(h) = 3*h**3 - 4*h**2 + 17*h - 4. Let w(b) = -4*k(b) + 9*p(b). Give w(-9).
-4
Let k(p) = 3*p**3 + p - 58*p**2 + 2 + 63*p**2 - 2*p**3 - 2*p. Determine k(-4).
22
Suppose 7 = -j + 4. Let k be (-11 + 2)*j/(-9). Let y be k*(-2)/3*3. Let g(i) = 2*i - 9. Calculate g(y).
3
Let g(z) = z + 10. Let b(i) = -5*i**2 + 14*i + 3. Let p(y) = 4*y**2 - 13*y - 3. Let h(n) = 2*b(n) + 3*p(n). Let j be h(7). Let s = -25 + j. Calculate g(s).
3
Let o(u) be the second derivative of -u**4/12 - 2*u**3/3 - 2*u**2 + 9*u. Let d = 19 + -23. Determine o(d).
-4
Suppose -2*q - 105 = 3*r, 175 = -5*r - 2*q - 0*q. Let x = r - -43. Let u(a) = 2*a - 12. Determine u(x).
4
Let q(m) = 17*m + 15 + 4*m**2 - 30*m + 24*m - 3*m**2. Give q(-9).
-3
Let x(c) = -2*c**3 + 7*c**2 - 5*c - 3. Let u(a) = -a**3 + a**2 - a. Let k(n) = -3*u(n) + x(n). Suppose -14 = 3*o - 20. Let w be o/(2*(-2)/6). Give k(w).
12
Let b be 1 - (-506)/(-6) - 98/147. Let a = b - -81. Let n(f) = f**3 + 3*f**2 + 2*f + 1. What is n(a)?
-5
Let k(p) = p**2 + 3 - 3*p + 2*p - 4*p. Let z(j) = -3*j - 22. Let u be z(-8). Let i be (50/5)/u - 0. Calculate k(i).
3
Let d(w) = w**2 - w - 1. Let n(v) = v**3 + 6*v + 4. Let t(u) = 4*d(u) + n(u). Determine t(-4).
-8
Let f(a) = -160*a + 10. Let x(b) = -18*b + 1. Let k(n) = 4*f(n) - 35*x(n). Calculate k(2).
-15
Suppose 0 = -16*p + 13*p + 27. Suppose -p*b - 7 = 20. Let z(f) = 6*f + 3 + 0*f**2 - 5*f + f**2. Calculate z(b).
9
Let r(i) be the third derivative of -i**8/20160 + i**7/1260 - i**6/180 - i**5/5 + 26*i**2. Let z(y) be the third derivative of r(y). Give z(3).
-1
Let i(z) = -6*z**2 + 2*z + 9. Let a(c) = 3*c**2 - c - 4. Let o(q) = -7*a(q) - 3*i(q). Let p be (-2)/4 + 4097/34. Let r = p + -121. Determine o(r).
-3
Let l(y) = -5*y**2 + 4. Let u(i) = -i + 1. Let w(b) = -l(b) + 3*u(b). Let k = 248 - 250. What is w(k)?
25
Let x(o) = 3*o - 37. Let p be x(14). Let y(u) = -u**3 + 3*u**2 + 6*u - 2. Determine y(p).
-22
Let t(q) = q**3 - 4*q**2 + 4. Let k = -4 + 7. Suppose -3*i + k*x = 0, 5*i + 2*x - 12 = 3*x. What is t(i)?
-5
Let f(y) = -5*y**3 + y**2 + y - 1. Suppose 0 = 11*z - 3*z - 8. Determine f(z).
-4
Let r(f) = f**2 + 5*f - 19. Let l be r(3). Let n(v) = -v**2 + 6*v - 6. Determine n(l).
-1
Let c(b) be the first derivative of -3*b**2/2 + 7*b - 2. Let x = 509 + -503. Determine c(x).
-11
Let l(z) be the second derivative of -z**4/12 + z**2/2 - 10*z. Let i = 0 - -2. Let j be 2/i - (0 + 4). Determine l(j).
-8
Let t(r) = r - 4. Suppose -5 = z - 2*z. Let b(c) = 3*c**2 - z*c**2 - c - 2*c**3 - 2 + c**3 - 5*c**2. Let p be b(-7). What is t(p)?
1
Suppose 2*z + 4 + 2 = 0. Let o = 14 - 12. Let p(i) = 3*i**2 - 6*i**2 - 6*i + 2*i**o. Give p(z).
9
Let c = 4 + -11. Let x(n) = -2*n**2 - 29*n - 4. Let o(k) = k**2 + 14*k + 2. Let m(l) = 13*o(l) + 6*x(l). Let r be m(c). Let y(w) = -2*w - 3. Give y(r).
7
Suppose -d - 4*a - 3 = -3*a, -4*d + 3*a + 16 = 0. Let g(j) = -4*j**2 + 3*j**2 - j + 12*j**2. Calculate g(d).
10
Let w(j) = -4*j + 4. Let r(b) = 7*b - 8. Suppose -3*x + 4*f + 5 = 0, -2*x + 3*f + 0 = -3. Let i(s) = x*r(s) + 5*w(s). Calculate i(-7).
-11
Let t(r) = 5*r**2 - 10*r. Let x(y) = -4*y**2 + 8*y. Let u(p) = -p**2 - 21*p - 43. Let v be u(-19). Let s(a) = v*t(a) - 6*x(a). Let m = 6 - 4. Give s(m).
0
Let j(d) = -d**3 - d - 12 + 0*d**2 + 3*d**2 - 13*d**2 + 1. Calculate j(-10).
-1
Let s(o) = -o**2 + 13*o - 6. Let w be (-48)/120*(-180)/8. Give s(w).
30
Suppose -3*z = -33*z + 120. Let q(t) = t**3 - 4*t**2 - 3*t + 11. Determine q(z).
-1
Let w(v) = -5*v - 92. Let l(z) = 2*z + 34. Let b(n) = 8*l(n) + 3*w(n). Give b(6).
2
Let o(a) = a**3 - 55*a**2 + 55*a - 54. Let u be o(54). Let i(f) = f - 2. Let c(s) = s - 3. Let m(l) = -3*c(l) + 2*i(l). Give m(u).
5
Let w(a) = 0*a + 7*a + 2*a + 2. Suppose g = 24 - 26. Give w(g).
-16
Let z(k) = 2 - k**3 - 11*k - 8*k**2 + 0*k**3 + 3*k. Let r(x) = 2*x**3 + 11*x**2 - 24*x - 28. Let m be r(-7). What is z(m)?
9
Suppose 5*j = 0, 6*f - 2 = 7*f + 2*j. Let g(b) = -b - 1. Give g(f).
1
Let w(c) = -c**3 + 7*c**2 - 3*c - 7. Let a(d) = -d. Let i(f) = 3*f + 15. Let r(j) = 2*a(j) + i(j). Let u be r(-9). Suppose 0 = 2*k - u - 6. Give w(k).
11
Let n = 23 + -7. Suppose -46 = -2*g - n. Let d = g - 17. Let x(z) = -2*z + 2. Calculate x(d).
6
Let q(k) = -k**2 + k - 3. Let b(j) = 12*j**2 - 3*j + 19. Let y(u) = -b(u) - 6*q(u). What is y(-2)?
-19
Suppose 0 = 3*c + 33 - 102. Suppose 0 = 4*i + 20, -3*p = 4*i + c. Let n(h) be the third derivative of h**5/10 - h**3/6 + 16*h**2. Give n(p).
5
Let r be 48/(-36)*6/4. Let z = r - -4. Let p(k) = -6*k**2 - 2 + 0*k**3 + 2*k**z - 1 + k**3 - 5*k. Determine p(5).
-3
Let w(j) = -6*j. Suppose -269*q + 18 = -278*q. Determine w(q).
12
Suppose 20*h + 11 = 11. Let p(u) = u**2 + u - 6. What is p(h)?
-6
Let q(k) = k**2 - k - 11. Let o(h) = 5*h**2 - 4*h - 58. Let v(i) = -2*o(i) + 11*q(i). Give v(7).
23
Let i(d) be the third derivative of d**6/120 - d**5/10 - 82*d**2. What is i(6)?
0
Let a = 19 - 14. Suppose i + 8 = 3*i - 4*k, 16 = 4*i - a*k. Let w(m) = -3*m**2 - 6*m - m + 7 + i*m**2. Calculate w(5).
-3
Suppose 4 + 